, 3, 11
What are the prime factors of 12347?
12347
List the prime factors of 2034.
2, 3, 113
What are the prime factors of 64211?
7, 9173
What are the prime factors of 15234?
2, 3, 2539
List the prime factors of 1100.
2, 5, 11
What are the prime factors of 560?
2, 5, 7
What are the prime factors of 29515?
5, 5903
What are the prime factors of 16323?
3, 5441
What are the prime factors of 8107?
11, 67
List the prime factors of 7440.
2, 3, 5, 31
What are the prime factors of 379?
379
What are the prime factors of 79463?
229, 347
List the prime factors of 1469.
13, 113
List the prime factors of 1856.
2, 29
List the prime factors of 1693.
1693
What are the prime factors of 543?
3, 181
What are the prime factors of 33648?
2, 3, 701
List the prime factors of 17577.
3, 7, 31
What are the prime factors of 47996?
2, 13, 71
List the prime factors of 2373.
3, 7, 113
What are the prime factors of 5230?
2, 5, 523
List the prime factors of 17631.
3, 653
List the prime factors of 9750.
2, 3, 5, 13
List the prime factors of 19830.
2, 3, 5, 661
What are the prime factors of 58963?
58963
List the prime factors of 15260.
2, 5, 7, 109
What are the prime factors of 3298?
2, 17, 97
What are the prime factors of 42?
2, 3, 7
What are the prime factors of 6360?
2, 3, 5, 53
What are the prime factors of 2373?
3, 7, 113
What are the prime factors of 9234?
2, 3, 19
List the prime factors of 59807.
11, 5437
List the prime factors of 13020.
2, 3, 5, 7, 31
List the prime factors of 1628.
2, 11, 37
What are the prime factors of 2450?
2, 5, 7
What are the prime factors of 1226?
2, 613
List the prime factors of 484.
2, 11
List the prime factors of 67443.
3, 22481
List the prime factors of 5977.
43, 139
List the prime factors of 14376.
2, 3, 599
What are the prime factors of 108799?
108799
List the prime factors of 3683.
29, 127
List the prime factors of 9357.
3, 3119
What are the prime factors of 2529?
3, 281
What are the prime factors of 1739?
37, 47
What are the prime factors of 1354?
2, 677
What are the prime factors of 143570?
2, 5, 7, 293
List the prime factors of 11462.
2, 11, 521
List the prime factors of 19481.
7, 11, 23
What are the prime factors of 10772?
2, 2693
List the prime factors of 22674.
2, 3, 3779
List the prime factors of 135914.
2, 67957
What are the prime factors of 748?
2, 11, 17
What are the prime factors of 6204?
2, 3, 11, 47
What are the prime factors of 1913?
1913
What are the prime factors of 12395?
5, 37, 67
List the prime factors of 16867.
101, 167
List the prime factors of 1542.
2, 3, 257
List the prime factors of 94868.
2, 37, 641
List the prime factors of 14483.
7, 2069
What are the prime factors of 2579?
2579
What are the prime factors of 5071?
11, 461
What are the prime factors of 2524?
2, 631
List the prime factors of 16513.
7, 337
What are the prime factors of 3914?
2, 19, 103
List the prime factors of 11696.
2, 17, 43
What are the prime factors of 12849?
3, 4283
What are the prime factors of 1374?
2, 3, 229
List the prime factors of 17307.
3, 641
What are the prime factors of 870?
2, 3, 5, 29
What are the prime factors of 3663?
3, 11, 37
List the prime factors of 164293.
19, 8647
List the prime factors of 108227.
7, 15461
List the prime factors of 51837.
3, 37, 467
List the prime factors of 100749.
3, 11, 43, 71
List the prime factors of 87345.
3, 5, 647
List the prime factors of 1761.
3, 587
List the prime factors of 22467.
3, 7489
List the prime factors of 5420.
2, 5, 271
List the prime factors of 2880.
2, 3, 5
What are the prime factors of 8903?
29, 307
What are the prime factors of 19359?
3, 239
List the prime factors of 2842.
2, 7, 29
What are the prime factors of 2120?
2, 5, 53
What are the prime factors of 2622?
2, 3, 19, 23
What are the prime factors of 30364?
2, 7591
What are the prime factors of 1872?
2, 3, 13
What are the prime factors of 3270?
2, 3, 5, 109
List the prime factors of 6724.
2, 41
List the prime factors of 10000.
2, 5
What are the prime factors of 349?
349
List the prime factors of 78146.
2, 41, 953
What are the prime factors of 3025?
5, 11
What are the prime factors of 14927?
11, 23, 59
What are the prime factors of 8278?
2, 4139
What are the prime factors of 3398?
2, 1699
What are the prime factors of 7407?
3, 823
List the prime factors of 65010.
2, 3, 5, 11, 197
List the prime factors of 105715.
5, 21143
List the prime factors of 13.
13
What are the prime factors of 5062?
2, 2531
List the prime factors of 537.
3, 179
What are the prime factors of 8387?
8387
What are the prime factors of 20113?
20113
List the prime factors of 84216.
2, 3, 11, 29
List the prime factors of 151867.
19, 7993
List the prime factors of 8509.
67, 127
List the prime factors of 12102.
2, 3, 2017
List the prime factors of 2618.
2, 7, 11, 17
What are the prime factors of 8833?
11, 73
List the prime factors of 401.
401
List the prime factors of 296.
2, 37
List the prime factors of 17217.
3, 1913
What are the prime factors of 1203?
3, 401
List the prime factors of 1377.
3, 17
List the prime factors of 2941.
17, 173
What are the prime factors of 1814?
2, 907
List the prime factors of 618.
2, 3, 103
List the prime factors of 3103.
29, 107
What are the prime factors of 383?
383
What are the prime factors of 31086?
2, 3, 11, 157
List the prime factors of 1368.
2, 3, 19
List the prime factors of 1233.
3, 137
List the prime factors of 2016.
2, 3, 7
What are the prime factors of 112809?
3, 31, 1213
List the prime factors of 1673.
7, 239
What are the prime factors of 1236?
2, 3, 103
What are the prime factors of 3031?
7, 433
List the prime factors of 292.
2, 73
List the prime factors of 15131.
15131
List the prime factors of 3826.
2, 1913
List the prime factors of 1866.
2, 3, 311
What are the prime factors of 1621?
1621
List the prime factors of 36103.
79, 457
What are the prime factors of 2680?
2, 5, 67
What are the prime factors of 23385?
3, 5, 1559
What are the prime factors of 432?
2, 3
What are the prime factors of 5052?
2, 3, 421
What are the prime factors of 12877?
79, 163
What are the prime factors of 5400?
2, 3, 5
List the prime factors of 204.
2, 3, 17
What are the prime factors of 11395?
5, 43, 53
What are the prime factors of 3599?
59, 61
List the prime factors of 82085.
5, 16417
List the prime factors of 15625.
5
List the prime factors of 16927.
16927
What are the prime factors of 2?
2
What are the prime factors of 36915?
3, 5, 23, 107
What are the prime factors of 916?
2, 229
What are the prime factors of 9212?
2, 7, 47
List the prime factors of 2182.
2, 1091
What are the prime factors of 379?
379
What are the prime factors of 42388?
2, 10597
What are the prime factors of 13722?
2, 3, 2287
What are the prime factors of 8573?
8573
List the prime factors of 153534.
2, 3, 25589
What are the prime factors of 72840?
2, 3, 5, 607
What are the prime factors of 3641?
11, 331
What are the prime factors of 1627?
1627
List the prime factors of 173111.
17, 599
List the prime factors of 4320.
2, 3, 5
What are the prime factors of 76?
2, 19
What are the prime factors of 57178?
2, 11, 23, 113
List the prime factors of 661.
661
List the prime factors of 728.
2, 7, 13
What are the prime factors of 12526?
2, 6263
List the prime factors of 6604.
2, 13, 127
What are the prime factors of 945?
3, 5, 7
List the prime factors of 68021.
251, 271
List the prime factors of 31923.
3, 3547
List the prime factors of 109842.
2, 3, 18307
List the prime factors of 1306.
2, 653
List the prime factors of 12359.
17, 727
What are the prime factors of 5113?
5113
What are the prime factors of 989?
23, 43
List the prime factors of 1134.
2, 3, 7
List the prime factors of 2896.
2, 181
What are the prime factors of 2673?
3, 11
List the prime factors of 5316.
2, 3, 443
List the prime factors of 6437.
41, 157
What are the prime factors of 27752?
2, 3469
List the prime factors of 1131.
3, 13, 29
What are the prime factors of 22139?
13, 131
List the prime factors of 2190.
2, 3, 5, 73
What are the prime factors of 2179?
2179
List the prime factors of 2662.
2, 11
What are the prime factors of 2253?
3, 751
What are the prime factors of 1361?
1361
What are the prime factors of 707?
7, 101
What are the prime factors of 26174?
2, 23, 569
What are the prime factors of 62343?
3, 2309
Li